t o(j) = -4*j**3 - j**2 - 5. Suppose 3*h + 13 = 4. What are the prime factors of o(h)?
2, 47
Let t(s) = -9*s - 55. Suppose 90 = -9*u - 0*u. What are the prime factors of t(u)?
5, 7
Let s(i) = -37*i + 236. List the prime factors of s(-12).
2, 5, 17
Suppose 0 = -7*d - 8*d + 16530. What are the prime factors of d?
2, 19, 29
Let s(x) = x**3 + 8*x**2 + 7*x. List the prime factors of s(-5).
2, 5
Suppose 0 = -2*b + 3*k + 795, -2*k + 1970 = 5*b - 6*k. List the prime factors of b.
2, 3, 5, 13
Let l = -44 + 48. Let b(q) = 3*q**3 - 5*q**2 + 5*q - 1. What are the prime factors of b(l)?
131
Suppose 2*i - 191 - 277 = 4*m, 4 = -m. Suppose 4*x - 238 - i = 0. What are the prime factors of x?
2, 29
Suppose -3*t - 22 = -34. List the prime factors of (0 + -21)/((-1)/t).
2, 3, 7
Let g = -22 - -36. Let f be (27/(-6))/(3/(-6)). Let a = f + g. What are the prime factors of a?
23
Let c = 1051 - 723. List the prime factors of c.
2, 41
Let h(c) = 157*c - 2. Let m be h(1). Suppose m = 2*j + 43. What are the prime factors of j?
2, 7
Suppose 0 = 5*m - 3*m - 8. Let k be 0 - m - (1 + 0). List the prime factors of (-258)/(-5) - 2/k.
2, 13
Let z = 513 - -189. What are the prime factors of z?
2, 3, 13
Let z = -37 - -76. Let t be (-102 + 2)/((-1)/11). What are the prime factors of (-6)/z + t/52?
3, 7
Suppose 5*h + 0*u = 5*u + 20, 3*u - 28 = -5*h. Suppose 24 = 2*y + 2*b, 2*y + h*b - 12 = -0*b. List the prime factors of y.
2
Suppose 13*t + 24780 = 41*t. What are the prime factors of t?
3, 5, 59
Suppose 11*a + 612 = 2053. Let p = 153 - a. What are the prime factors of p?
2, 11
Suppose 0 = -2*b - 5*y + 671, 4*y + 1765 = 5*b - y. List the prime factors of b.
2, 3, 29
Suppose 10369 + 5207 = 11*f. List the prime factors of f.
2, 3, 59
Suppose -2*i + 2*r = -1380, 0 = 4*r - 10 + 2. List the prime factors of i.
2, 173
Let p(z) = -17*z - 72. What are the prime factors of p(-15)?
3, 61
Let k = -3918 - -5909. List the prime factors of k.
11, 181
Let y = -1 + 1. Suppose 2*d - 202 = 2*f, 2*d - 3*f - 205 = -y*d. List the prime factors of d.
2, 7
Suppose 8*y - 11 = 21. What are the prime factors of 4 + -2 + y + 0?
2, 3
Let o(m) be the third derivative of -m**4/8 + m**3/2 - 3*m**2. Let l be (5/2)/(1/(-2)). List the prime factors of o(l).
2, 3
Suppose -3*v + 3787 = -4*z, v - 2*z = 1065 + 194. List the prime factors of v.
3, 47
Let o(h) = 14 + 5*h + h - 7*h. Let p be o(0). Let x = p + 26. List the prime factors of x.
2, 5
List the prime factors of (6/(72/(-21)))/((-1)/4).
7
Let b = -17 - -20. Suppose -3*j + i = -2, -2*i - 10 = 3*j + b. Let y(t) = -14*t - 2. List the prime factors of y(j).
2, 3
What are the prime factors of (584/10)/(127/5080)?
2, 73
Let b(y) = y**2 + y + 15. Let s be b(0). Suppose -5*i + s*i - 500 = 0. List the prime factors of i.
2, 5
Let o(g) = 71*g + 53. What are the prime factors of o(5)?
2, 3, 17
Let j(g) = 3*g + 12. Let b be j(-4). Suppose b = s + 7 - 44. What are the prime factors of s?
37
Let k(x) = 7*x**2 - 30*x + 2. Let j be k(4). What are the prime factors of 5/(j/(-80)*(-6)/(-9))?
2, 5
What are the prime factors of 8/16*1124/2*2?
2, 281
Let g = 27 + -13. Let w = 27 - g. Let l = w - 3. What are the prime factors of l?
2, 5
Let t = 226 - 2. List the prime factors of t.
2, 7
Suppose -i + 4*n + 14 + 102 = 0, -2*n = i - 128. List the prime factors of i.
2, 31
Suppose 0 = 3*p + 2*p. Suppose 16 = -p*c - 4*c. List the prime factors of c/(-16) + 38/8.
5
Let z = 729 + -401. What are the prime factors of z?
2, 41
Suppose 3*y + 653 = 5*g, -3*g + 286 = -5*y - 109. Let m(t) = 4*t - 30. Let h be m(9). Suppose -g = -h*s + s. List the prime factors of s.
2, 13
Suppose 11*u = 10028 + 2105. List the prime factors of u.
1103
What are the prime factors of (((-140)/3)/(-14))/(1/120)?
2, 5
Let v be (-2)/(-7) - 308/49. Let k = -4 - v. Suppose k*d - d - 32 = 0. List the prime factors of d.
2
Suppose 4*h - 27 = -5*i, -3*h - 2*i + 10 + 5 = 0. What are the prime factors of (10/h)/(232/114 + -2)?
5, 19
Let r be (-4)/(3 + -7)*-41. Let y = r - -87. What are the prime factors of y?
2, 23
Let n = 22 - 100. Let l = n - -212. List the prime factors of l.
2, 67
What are the prime factors of (-2858)/(-4) + (-18)/36?
2, 3, 7, 17
Suppose 0 = -85*q + 80*q. What are the prime factors of (2 - 6)/(4/(-74)) + q?
2, 37
Let p(s) = -s**2 - 14*s - 6. Let k be p(-10). Suppose -v + k = -0. What are the prime factors of v?
2, 17
Let u(w) = 2828*w**2 + 4*w - 4. Let v be u(1). List the prime factors of (-12)/42*v/(-4).
2, 101
Suppose 5*y - 2*t - 96 = -37, 4*y - 54 = 5*t. Let v = y - -17. Let k = v - 11. What are the prime factors of k?
17
Suppose -5255 = -5*p - 5*v, -5*v = 2*p - 971 - 1119. What are the prime factors of p?
5, 211
Let m(p) = p**3 - 12*p**2 - 12*p - 63. What are the prime factors of m(14)?
7, 23
Let h = -4 - -11. Suppose 5*q - 2*j = 11, q - 3*j = 3*q + h. Let l(k) = 27*k. What are the prime factors of l(q)?
3
Let a = 18 - 16. Suppose 2*f - 2*n - 22 = a*n, 0 = -5*f + 5*n + 80. List the prime factors of f.
3, 7
Let y(z) = 21*z - 1. Let j be y(7). Let h = -59 + j. Suppose 16*o - h = 13*o. List the prime factors of o.
29
Let t be 27/(-12)*12/(-9). Suppose -t*f + 5*b = -233, 5*f - 3*b - 367 = -0*f. Suppose 0 = -2*k + 1 + f. What are the prime factors of k?
2, 3
What are the prime factors of (2/4)/((-38)/(-63916))?
29
Let j = -2 - -2. Suppose -7*v + 3*v = j. Suppose -a + v*a = -b + 23, 2*b + 3*a - 71 = 0. List the prime factors of b.
2, 7
Let m(i) = i**2 + 5*i + 1. Let y be m(-3). List the prime factors of y + (2 - -1) + 170.
2, 3, 7
Suppose 2*q - 381 + 17 = -4*c, 2*q - 274 = -3*c. Suppose 10*h - c = 7*h. List the prime factors of h.
2, 3, 5
Suppose 31*g = 55*g - 7920. What are the prime factors of g?
2, 3, 5, 11
Let i(w) = -2*w**2 + 5*w + 1. Let x(t) = t**2 - 3*t - 1. Let y(g) = -4*i(g) - 7*x(g). What are the prime factors of y(-3)?
3
Let m(c) = -30*c**3 - 3*c**2 - 13*c - 40. List the prime factors of m(-4).
2, 3, 157
Let w be (2/2)/((-2)/6). Let q(s) = -16*s + 13 + 28 - 45. List the prime factors of q(w).
2, 11
Let c(k) = 644*k**2 - 2*k - 4. What are the prime factors of c(-1)?
2, 3, 107
Suppose 0 = 48*n - 90*n + 97230. What are the prime factors of n?
5, 463
Let j = -568 - -890. What are the prime factors of j?
2, 7, 23
Let y = 127 + -119. Suppose y*p = 277 + 1499. What are the prime factors of p?
2, 3, 37
Let g(m) = 34*m**2 - 15*m - 3. List the prime factors of g(4).
13, 37
Let s(v) be the first derivative of 3*v**2 + 19*v - 26. What are the prime factors of s(10)?
79
What are the prime factors of (2 + 334/3)*(-168)/(-70)?
2, 17
Let s(v) = 9*v - 4. Let q be s(-2). Let x(w) = w**2 + 19*w - 12. What are the prime factors of x(q)?
2, 3
Let z(q) = 3*q - 15. Let o be z(6). Let a be (-3*2)/o - -12. Let l = -1 + a. List the prime factors of l.
3
Let x be (1/(-2))/((-7)/56). Suppose x*t = -2*f - 14, f = t - 2*t - 3. List the prime factors of 46 - -2*2/t.
3, 5
Let f(g) = g - 6. Let w be f(6). Let x be (w - -5)/(2/8). Suppose 5*j = x + 10. What are the prime factors of j?
2, 3
Suppose -4 = -2*f + 3*m - 19, 15 = 3*f + 3*m. Suppose f = 2*a - 4*l + 32, 0*a + 4*l = -3*a + 2. Let n = a + 24. What are the prime factors of n?
2, 3
Let d(o) = 124*o + 2089. What are the prime factors of d(0)?
2089
Let c(x) = x - 5. Let l be c(5). Suppose -5*m + 2*a = -87, l*a = 3*m - a - 53. What are the prime factors of m?
19
Let r be (4/(-5))/(10/(-25)). Suppose -r*n - 3*i = 2*n - 17, 5*i = 15. What are the prime factors of (-12)/(-3) + 74/n?
41
Let s(k) be the third derivative of -5*k**4/6 - k**3 + 12*k**2. What are the prime factors of s(-3)?
2, 3
Let z(w) = -7*w**2 + 11*w + 5. Let j(n) = n + 1. Let t(g) = 3*j(g) - z(g). What are the prime factors of t(4)?
2, 3, 13
Let t(a) = -5 + 2 - a**2 - 2*a + 3*a**2 + 11. What are the prime factors of t(5)?
2, 3
Suppose 3*m - 3 = 12. Suppose -60 = -m*i + 120. What are the prime factors of i?
2, 3
Suppose -253 - 719 = -3*b. Suppose -6*i = -2*i - b. What are the prime factors of i?
3
Let a = -1580 + 4713. List the prime factors of a.
13, 241
Suppose 11 = -2*l + 1. What are the prime factors of 8 - l - (-1 - 0)?
2, 7
Let r(q) = q**3 - 4*q**2 - 5*q - 7. Suppose -2*u - u = -18. List the prime factors of r(u).
5, 7
Let z(x) = 65*x**2 - 2*x - 3. Let d be z(-2). Suppose -a = 2*a - d. List the prime factor